523 - -322?
1045
In base 12, what is 132b60 - 4?
132b58
In base 5, what is -2 + 212124?
212122
In base 6, what is -3252 - 4213?
-11505
In base 10, what is -222 - -239?
17
In base 15, what is ce9 - 29?
cc0
In base 9, what is 353 - -2855?
3318
In base 13, what is -38 + 16bb?
1683
In base 9, what is 14488 + 2?
14501
In base 12, what is -a93 + -212?
-10a5
In base 10, what is -25607 - 17?
-25624
In base 6, what is -233204 - -12?
-233152
In base 8, what is -116 - 5454?
-5572
In base 4, what is -1 - -2003021?
2003020
In base 11, what is 1339 - 23?
1316
In base 14, what is bc806 - -1?
bc807
In base 2, what is -11 + -1001100101000?
-1001100101011
In base 2, what is -100101010001011111 - -11?
-100101010001011100
In base 3, what is 22 + -1202211102?
-1202211010
In base 9, what is 45 - -4365?
4421
In base 16, what is 1 + 1dcc?
1dcd
In base 9, what is -6387 + -368?
-6766
In base 9, what is 473513 + -10?
473503
In base 11, what is -49 - -8758?
870a
In base 8, what is -171 + -3027?
-3220
In base 12, what is a7b285 - 2?
a7b283
In base 14, what is -5 + 3d0c?
3d07
In base 2, what is -11100111 + -1111001?
-101100000
In base 13, what is 4 + -2388?
-2384
In base 13, what is 35b8 + 21?
3609
In base 11, what is 2 + 7049?
7050
In base 4, what is 3 - 13013201?
-13013132
In base 2, what is -1 + -1010000110111001?
-1010000110111010
In base 11, what is -3 + -111133?
-111136
In base 3, what is -10200010021 + 11?
-10200010010
In base 5, what is 44243 - -1343?
101141
In base 3, what is 0 - 11210202210?
-11210202210
In base 8, what is -52461 + 104?
-52355
In base 15, what is -2021e - 4?
-20223
In base 12, what is -678 - 3?
-67b
In base 14, what is 6d + -1b4?
-145
In base 8, what is 4500 - -22?
4522
In base 11, what is 160 - 643?
-493
In base 11, what is a26 + -7?
a1a
In base 6, what is 1 - 41042?
-41041
In base 12, what is 1535b8 - 6?
1535b2
In base 16, what is dc - -17?
f3
In base 5, what is -1100232342 + 2?
-1100232340
In base 14, what is -2 + 15d6?
15d4
In base 4, what is 1000303 - -2302?
1003211
In base 14, what is 14013 + -90?
13d63
In base 9, what is -63 + 387?
324
In base 14, what is -1 + -1588?
-1589
In base 10, what is 121 - 3827?
-3706
In base 6, what is -2 - -10031250?
10031244
In base 14, what is -2 + -5971?
-5973
In base 15, what is 5 + 2c50?
2c55
In base 11, what is 2448 - -94?
2531
In base 7, what is -112424 - 3?
-112430
In base 6, what is 304233 - 13?
304220
In base 12, what is -168 - -28?
-140
In base 3, what is -1001101002 - 210?
-1001101212
In base 5, what is -1020103 - -444?
-1014104
In base 4, what is 0 + -10302123?
-10302123
In base 6, what is -15021 - -1225?
-13352
In base 2, what is -10101001011111 - 110001?
-10101010010000
In base 4, what is -312310203 + 2?
-312310201
In base 7, what is -453 + -2301?
-3054
In base 7, what is -5 - 1552324?
-1552332
In base 9, what is -26287 + 3?
-26284
In base 12, what is -14a - 13?
-161
In base 3, what is -110 - 1122101102?
-1122101212
In base 16, what is -626 + -90?
-6b6
In base 11, what is -27a1 - -18?
-2784
In base 7, what is -6535265 - -3?
-6535262
In base 11, what is 6997 - 80?
6917
In base 11, what is -1690 + 10?
-1680
In base 15, what is -d + 18d?
180
In base 5, what is -31 - 44132?
-44213
In base 15, what is 2 + -1842b?
-18429
In base 7, what is 211511 + 22?
211533
In base 15, what is -1aa - -410?
255
In base 5, what is 23 - -4322?
4400
In base 8, what is 60106 - -2?
60110
In base 3, what is -101201220 - -10?
-101201210
In base 9, what is -3 - -10082?
10078
In base 16, what is -218d0 - 2?
-218d2
In base 14, what is -d27 + -b?
-d34
In base 3, what is -2021121 + -12?
-2021210
In base 14, what is 2ac5 + -3a?
2a89
In base 12, what is -43 - -12887?
12844
In base 8, what is 234 - 305?
-51
In base 14, what is 45b9 - -13?
45cc
In base 2, what is 10000010111000111 - 110?
10000010111000001
In base 12, what is -8 - 14a6b2?
-14a6ba
In base 10, what is -86909 + -4?
-86913
In base 10, what is -22 + -633?
-655
In base 5, what is -1330112 - -2?
-1330110
In base 4, what is 110122111 + 1?
110122112
In base 14, what is 3 - 3b6c0?
-3b6bb
In base 16, what is 1faa7 - -5?
1faac
In base 9, what is -12 + 76288?
76276
In base 12, what is -1823 + -2?
-1825
In base 6, what is 33442211 + -4?
33442203
In base 8, what is -5 - -641151?
641144
In base 13, what is 2 + -1b8952?
-1b8950
In base 10, what is -7 + -17569?
-17576
In base 8, what is -3476667 - -7?
-3476660
In base 2, what is -1111 + -11101111111101?
-11110000001100
In base 13, what is 938 + -17?
921
In base 3, what is 21 - -222210010120?
222210010211
In base 3, what is 120000201111 - 102?
120000201002
In base 7, what is 22660 - -101?
23061
In base 11, what is 2891 - 29?
2863
In base 11, what is 200 - 18?
193
In base 14, what is 10b + 14?
121
In base 15, what is 23 + -12c?
-109
In base 4, what is 23132 - 100?
23032
In base 3, what is -121000 - 2022?
-200022
In base 4, what is -11 + 31200312?
31200301
In base 10, what is 448 - -1031?
1479
In base 7, what is -6460422 + -3?
-6460425
In base 7, what is -22 + -160441?
-160463
In base 10, what is 119628 - 0?
119628
In base 15, what is 0 + -1377?
-1377
In base 5, what is -13020 - 1102?
-14122
In base 13, what is -2b - 70a?
-738
In base 7, what is 253134 - 4?
253130
In base 10, what is -3 + 9050?
9047
In base 7, what is 10 + -434446?
-434436
In base 7, what is 2 + -3525150?
-3525145
In base 12, what is -4 - -20978?
20974
In base 15, what is -bd4d - -1?
-bd4c
In base 8, what is -57634 + -2?
-57636
In base 5, what is -4303231 - 10?
-4303241
In base 2, what is -1000100 - -111001100?
110001000
In base 7, what is 12135 - -2?
12140
In base 12, what is 54 - 35062?
-3500a
In base 4, what is 11233 - 11320?
-21
In base 3, what is 22102 + 21100?
120202
In base 11, what is 3 + -333a7?
-333a4
In base 6, what is -5 + -1505343?
-1505352
In base 3, what is -101 - -11020002?
11012201
In base 5, what is -134343 - -202?
-134141
In base 8, what is -42 - 5320?
-5362
In base 7, what is 2161242 + 2?
2161244
In base 5, what is -1423 + 332?
-1041
In base 16, what is -837 + -3b0?
-be7
In base 8, what is -5 + -67066?
-67073
In base 4, what is 201222113 + 3?
201222122
In base 12, what is 930 - -153?
a83
In base 14, what is 565c8 - 0?
565c8
In base 7, what is 3 - -252416?
252422
In base 16, what is -283 - -5?
-27e
In base 12, what is 52 - -264?
2b6
In base 13, what is 12 + -3b2?
-3a0
In base 10, what is -3 + 131146?
131143
In base 7, what is 140 - 222?
-52
In base 10, what is 166 - -91?
257
In base 8, what is 2331 - 132?
2177
In base 8, what is -76575 - -3?
-76572
In base 8, what is 151227 - 20?
151207
In base 10, what is -60162 - -5?
-60157
In base 6, what is 3 + 1235442?
1235445
In base 11, what is -142 + -19a7?
-2039
In base 4, what is -3121 + 120230?
111103
In base 5, what is 14321443 + 3?
14322001
In base 2, what is -1100001110 + 10100?
-1011111010
In base 3, what is -1020001201 - 11?
-1020001212
In base 12, what is 1063180 - -3?
1063183
In base 3, what is 22001 + -10001?
12000
In base 6, what is 50342 + 10?
50352
In base 5, what is 2 + 134310?
134312
In base 16, what is 3af - -be?
46d
In base 15, what is 17 - -deb5?
decc
In base 2, what is 10111101110100001101001 + 0?
10111101110100001101001
In base 16, what is -202 - -82?
-180
In base 14, what is -c7 - 59b1?
-5a98
In base 7, what is 51 + -546?
-465
In base 7, what is 211434 - 2?
211432
In base 16, what is -13 - -10b4?
10a1
In base 11, what is -6 + 5462?
5457
In base 2, what is -1100111 + -100001111000?
-100011011111
In base 7, what is 5306410 - 3?
5306404
In base 8, what is 41 - -10472?
10533
In base 13, what is b + -851?
-843
In base 16, what is -19ee + -8?
-19f6
In base 10, what is -76 + -212?
-288
In base 13, what is -5 - -2711?
2709
In base 9, what is -1833840 - 4?
-1833844
In base 13, what is -24bb + -6c7?
-2bb5
In base 2, what is 1000000110101001 - 1101?
1000000110011100
In base 16, what is 88 + 255?
2dd
In base 15, what is 4 + -23753?
-2374e
In base 6, what is 112 - 14321?
-14205
In base 3, what is 12110111210 + 21?
12110112001
In base 7, what is -4 - -263555?
263551
In base 5, what is -1 - 2421101?
-2421102
In base 4, what is 113212 + -10321?
102231
In base 9, what is 167563 + -1?
167562
In base 6, what is -2453 - -14130?
11233
In base 14, what is -8d9 - 4a?
-945
In base 7, what is -3455 - 424?
-4212